he units digit of w?
6
Let i(p) = -233*p - 17. Let u be i(-5). Let q = -352 + u. What is the tens digit of q?
9
Let t(n) = 304*n**2 + 13*n + 25. Let u be t(-5). Suppose u = 89*c - 82*c. What is the tens digit of c?
8
Let c be (2 - 0) + 5 + 0. Let j(m) = 1 + 26*m + c + 22 - 1. What is the units digit of j(8)?
7
Let q be 7/((-21)/215)*-3 + -2. Suppose -q = -a - 4*w - 26, w + 162 = a. What is the units digit of a?
7
Let w be ((-2)/3)/(3/(234/2)). Let d be (1642 - w)*(1 + (-10)/4). What is the tens digit of d/(-15) + (2/5)/2?
6
Let a be 0 - (0 - (3 - (3 - 3))). Suppose -29 + 35 = a*o. Suppose -220 = -o*b - 2*b. What is the tens digit of b?
5
Suppose 43825*k - 43821*k - 39116 = 0. What is the hundreds digit of k?
7
Let y = -128 - -133. Suppose -2*f + 4*g = 26, -7*f + 3*f - y*g = -13. What is the hundreds digit of f*1*2/4*-122?
1
Suppose -3*h + 4*n - 3*n = 920, 3*h + 890 = -5*n. Let k = 62 - h. What is the hundreds digit of k?
3
What is the units digit of 170/(-4)*(-374052)/915?
4
Let k(c) = c**2 - 14*c + 2. Let m be k(14). Suppose -m*r = -b + 65, b = -r + 2*b - 35. What is the tens digit of (21 - 1)*(-312)/r?
0
Let r(s) = 3*s**3 + 3*s**2 + 21*s - 1. Let h(q) = -8*q**3 - 9*q**2 - 60*q + 4. Let j(b) = 6*h(b) + 17*r(b). What is the units digit of j(5)?
2
Let k = -37640 + 61569. What is the hundreds digit of k?
9
Suppose -w - 3456 = 8*w. Let y = w + 606. Let x = -132 + y. What is the tens digit of x?
9
Suppose -47*x = -46*x - 7, -4*n + 74644 = -4*x. What is the thousands digit of n?
8
Suppose -3*x = -2*w + 23, -18*x = -16*x + 3*w - 2. What is the tens digit of x/1 - (-1020)/5?
9
Let b(t) = -t**3 + 32*t**2 + 3*t - 82. Let v be b(32). What is the tens digit of 21270/95 + v/133?
2
Let c(r) = 42*r**2 - 8*r + 18. Let m be c(6). What is the hundreds digit of m + (-2 + 0)*-3?
4
Let k = 65 + -115. What is the units digit of (1 - k)*1364/132?
7
Suppose 2*b - 4*l = 61724, 0 = 3*l + 220 - 211. What is the tens digit of b?
5
Let f(y) = 7*y**2 + 34*y - 949. What is the ten thousands digit of f(84)?
5
Let i = 28491 + -24454. What is the hundreds digit of i?
0
Suppose 0 = -5*d, -9839 = -2*x + x - 0*d - 4*d. What is the thousands digit of x?
9
Let d(z) = 20*z**2 + 6*z + 6. Let p be d(-5). Suppose -15*b + 16*b = p. What is the tens digit of b?
7
Suppose 1337891 = 554*m - 43063433 + 10534750. What is the thousands digit of m?
1
What is the ten thousands digit of (50/200)/((-1)/28) + 10957?
1
Suppose c = -0*v - 5*v + 26, 4*c + 16 = 4*v. Suppose -r = 2*i + r - 102, 0 = v*i - 5*r - 265. Let f = i - -54. What is the tens digit of f?
0
Let k = 5218 + -4502. What is the units digit of k?
6
Let f(a) = a**3 - 21*a**2 + 26*a + 48. Let y be f(23). Suppose -y = 9*l - 15*l. What is the hundreds digit of l?
2
Let h = -485 + 489. Suppose -5*j = 0, 2*y + 335 = 3*y + h*j. What is the tens digit of y?
3
What is the units digit of (9 - (-5210)/10)*(-272)/(-20)?
8
Let z be (-668)/(-2) - 3/1. What is the tens digit of (6 - 1)*1 + z?
3
Let i(h) = 138*h - 86. Let o be i(18). Suppose -9*r = -o - 7214. What is the units digit of r?
8
Let m(k) = 4*k**3 - 2*k**2 - k + 12. Suppose -3*n + 4*n - 4*p + 3 = 0, 3*n - 25 = -5*p. What is the hundreds digit of m(n)?
4
Suppose 13*n - 87586 = -14175. What is the hundreds digit of n?
6
Suppose 169*v - 104*v = 1562925. What is the ten thousands digit of v?
2
Let o(p) = -7*p**2 + 181*p + 43. What is the tens digit of o(26)?
1
What is the tens digit of 125526/(-45)*3*(810/12)/(-27)?
2
Suppose -93*t + 569913 + 1141599 = -5*t. What is the hundreds digit of t?
4
Suppose 51*o - 3 = 50*o. Suppose 0 = 3*m + o*g + 2*g - 1206, 0 = -5*m - 2*g + 2029. What is the hundreds digit of m?
4
Let k = -4166 + 6050. Let y = -990 + k. What is the tens digit of y?
9
Let v = -1369 + 1362. Let g(b) = b**2 - 22*b + 3*b - 2*b**2 - 4 - 13. What is the tens digit of g(v)?
6
Let w(y) = -y**2 + 25*y + 86. Let h be w(28). What is the tens digit of (-2 - (-8)/h) + (-11583)/(-9)?
8
Let l = -226 + -124. Let b = -136 - l. What is the units digit of b?
4
Let r(d) = -23*d**3 + 4*d**2 + 5*d - 2. Let g(y) = -59*y + 30*y + y**3 + 10*y**2 - 12 + 28*y. Let a be g(-10). What is the hundreds digit of r(a)?
1
Suppose r = 41*r + 15880. Let y = 656 + r. What is the hundreds digit of y?
2
Let i(q) be the second derivative of -13*q**3/2 - 5*q**2/2 + 1784*q. Suppose 4*o + 1 = -7. What is the tens digit of i(o)?
7
Let m = -2698 + 19874. What is the hundreds digit of m?
1
Let x(h) = -7*h**3 + 16*h**2 + 97*h + 897. What is the ten thousands digit of x(-14)?
2
Let t = -147 + 80. Let o = 69 + t. Suppose 122 = 2*p - q, 7*p - o*p = q + 305. What is the units digit of p?
1
Suppose -7*l + 3*l + 361 = 3*b, b + 2*l = 117. Let m = -121 + b. What is the tens digit of 1161/m + 5/10?
9
Suppose -2*z = 2*d + 8, 2*z = -2*z - d - 7. Let q be ((-40)/15)/((-2)/(-3)*z). Suppose 0*b + 2*b - 244 = -4*t, b - q*t = 122. What is the tens digit of b?
2
Let k be 3/(6/(-4))*-5. Suppose 3*d - 5*u = 21, u = 2*d - u - k. What is the units digit of d + 10/(5 + 0)?
4
Let p = -175 - -534. Let i = -172 + p. Let o = i + -93. What is the units digit of o?
4
Let q be 14/2*24/84. Suppose -4*v - f + 6 = 0, 5*f + 0*f + 14 = q*v. Let c(w) = w**2 + 4*w - 5. What is the units digit of c(v)?
7
Suppose 3*b + 116 = f, -4*f + 0*b + 432 = -4*b. Let z = 475 + f. What is the tens digit of z?
7
Suppose 11*x = 3*x + 40. Suppose 0 = x*k + 5*n + 437 + 513, -2*n = k + 193. Let c = k + 357. What is the tens digit of c?
7
Let g = -71 - -74. Let i be 20/g*(-13)/52*-3. Suppose -21 - 184 = -i*c. What is the tens digit of c?
4
Let z = -3 - -11. Suppose 12*r - z = 10*r. Let m(o) = 2*o**3 - 6*o**2 - 5*o + 3. What is the tens digit of m(r)?
1
Let y(d) be the first derivative of 29*d**2/2 + 63*d + 4. What is the tens digit of y(8)?
9
What is the ten thousands digit of ((-512064)/(-2688))/(2/10*(-2)/(-28))?
1
Suppose 4*a - 1363 = -r, -2*r + 4533 = -3*a + 1752. What is the units digit of r?
3
Suppose 2365*g = 2376*g - 25278. What is the hundreds digit of g?
2
Let d be ((-2)/8*2)/(13/338). Suppose 2 = -n + 3*z + 6, -3*n - 4*z - 1 = 0. Let t = n - d. What is the units digit of t?
4
Let a(y) = y**3 + 69*y**2 + 422*y + 199. What is the ten thousands digit of a(-54)?
2
What is the tens digit of -205*(2739/(-110))/((-9)/(-12) + 0)?
0
Let s be (26/(-6))/((-40)/120). Suppose 0 = s*u - 1822 - 1350. What is the hundreds digit of u?
2
Let d = 4982 + 1595. What is the hundreds digit of d?
5
Suppose -24*q = 3*q - 16*q - 187066. What is the thousands digit of q?
7
Let n = 175 + -172. What is the tens digit of (-23130)/(-75) - 2/15*n?
0
Let t(y) be the first derivative of -y**4/4 - 13*y**3/3 + 12*y + 22. Suppose -2*n - 10 = -4*a, -45 = 5*n - a - 4*a. What is the units digit of t(n)?
2
Suppose 5*l - 30 = -4*c, -8*l - c = -7*l - 6. What is the units digit of -9 + (14 - l) - (1 - 379)?
7
Let y = 122 - 40. Let o = 277 - y. What is the units digit of o?
5
Suppose -118*y + 6762275 = 2067645. What is the ten thousands digit of y?
3
Suppose 8*z = 13*z - 15. Suppose 0*k + 3*k = z*w + 33, 4*k + 3*w = 9. Suppose -325 = -k*h + 83. What is the tens digit of h?
6
Let k(p) = -5539*p**3 - p**2 + p + 2. What is the units digit of k(-1)?
9
Let j = 42777 + -29097. What is the hundreds digit of j?
6
What is the thousands digit of (108/(-9) - -27) + 2494?
2
Let b(j) = -3*j**2 + 9*j - 3. Let i be b(2). Suppose -q - 6938 = -4*n, -i*n - q + 7*q + 5214 = 0. What is the units digit of n?
4
Let v = -4369 + 4361. Let z be (346/8)/(2/8). What is the hundreds digit of z + (-5)/((-10)/v)?
1
Let s = -30 + 52. Let y = s - 14. Suppose y = -2*c + 74. What is the units digit of c?
3
Let f = 54 - 40. Suppose -f + 22 = 4*x. Suppose 0 = -x*b + 241 + 17. What is the units digit of b?
9
What is the units digit of -2 - 13 - (-11781330)/190?
2
Suppose 5*p - 59027 + 15933 = -i, -2*p + i + 17232 = 0. What is the thousands digit of p?
8
Suppose -66*t = 61*t - 121*t - 106032. What is the thousands digit of t?
7
Suppose 15*f = 16*f + 7. What is the hundreds digit of 6 + (-16 - f) + 147 + -1?
1
Let i(h) = 145*h**2 + 120*h - 1068. What is the thousands digit of i(11)?
7
Let l(r) = -529*r + 15930. What is the hundreds digit of l(0)?
9
Suppose -23*l = 5*t - 22*l - 65922, 0 = 4*t + 5*l - 52725. What is the tens digit of t?
8
Let r(b) = -9